{"id":135,"date":"2022-04-20T17:37:33","date_gmt":"2022-04-20T15:37:33","guid":{"rendered":"https:\/\/lyggdrasil.com\/?page_id=135"},"modified":"2022-05-10T22:14:03","modified_gmt":"2022-05-10T20:14:03","slug":"plan-du-site","status":"publish","type":"page","link":"https:\/\/lyggdrasil.com\/index.php\/plan-du-site\/","title":{"rendered":"Plan du site"},"content":{"rendered":"<p><strong><div id=\"wp-realtime-sitemap-pages\"><h3>Pages<\/h3><ul><li class=\"page_item page-item-143\"><a href=\"https:\/\/lyggdrasil.com\/index.php\/a-voir-a-faire\/\">A voir \/ A faire<\/a><\/li>\n<li class=\"page_item page-item-536\"><a href=\"https:\/\/lyggdrasil.com\/index.php\/commentaires\/\">commentaires<\/a><\/li>\n<li class=\"page_item page-item-22\"><a href=\"https:\/\/lyggdrasil.com\/index.php\/contact-gite-lyggdrasil-marbeuf\/\">Contact<\/a><\/li>\n<li class=\"page_item page-item-152\"><a href=\"https:\/\/lyggdrasil.com\/index.php\/le-gite\/\">Le g\u00eete<\/a><\/li>\n<li class=\"page_item page-item-599\"><a href=\"https:\/\/lyggdrasil.com\/index.php\/livre-dor\/\">Livre d&rsquo;or<\/a><\/li>\n<li class=\"page_item page-item-43\"><a href=\"https:\/\/lyggdrasil.com\/index.php\/mentions-legales\/\">mentions legales<\/a><\/li>\n<li class=\"page_item page-item-63\"><a href=\"https:\/\/lyggdrasil.com\/index.php\/nous-trouver\/\">Nous trouver<\/a><\/li>\n<li class=\"page_item page-item-260\"><a href=\"https:\/\/lyggdrasil.com\/index.php\/photos\/\">Photos<\/a><\/li>\n<li class=\"page_item page-item-135\"><a href=\"https:\/\/lyggdrasil.com\/index.php\/plan-du-site\/\">Plan du site<\/a><\/li>\n<li class=\"page_item page-item-696\"><a href=\"https:\/\/lyggdrasil.com\/index.php\/sauna\/\">Sauna<\/a><\/li>\n<li class=\"page_item page-item-890\"><a href=\"https:\/\/lyggdrasil.com\/index.php\/sejours-activites-bien-etre\/\">s\u00e9jours activit\u00e9s bien \u00eatre<\/a><\/li>\n<li class=\"page_item page-item-250\"><a href=\"https:\/\/lyggdrasil.com\/index.php\/tarifs-et-disponibilites\/\">Tarifs et disponibilit\u00e9s<\/a><\/li>\n<li class=\"page_item page-item-847\"><a href=\"https:\/\/lyggdrasil.com\/index.php\/videos\/\">Vid\u00e9os<\/a><\/li>\n<\/ul><\/div><div id=\"wp-realtime-sitemap-posts\"><h3>Posts<\/h3><ul><li><a href=\"https:\/\/lyggdrasil.com\/index.php\/2022\/05\/04\/acquisition-et-debut-des-travaux-avant-la-mise-en-route\/\" title=\"Permalink to Acquisition et d\u00e9but des travaux avant la mise en route\" rel=\"bookmark\">Acquisition et d\u00e9but des travaux avant la mise en route<\/a><\/li><li><a href=\"https:\/\/lyggdrasil.com\/index.php\/2022\/05\/16\/lyggdrasil\/\" title=\"Permalink to L&rsquo;Yggdrasil?\" rel=\"bookmark\">L&rsquo;Yggdrasil?<\/a><\/li><li><a href=\"https:\/\/lyggdrasil.com\/index.php\/2022\/06\/06\/ouverture\/\" title=\"Permalink to Ouverture\" rel=\"bookmark\">Ouverture<\/a><\/li><li><a href=\"https:\/\/lyggdrasil.com\/index.php\/2022\/07\/08\/idees-sorties-et-decouvertes\/\" title=\"Permalink to id\u00e9es sorties et d\u00e9couvertes\" rel=\"bookmark\">id\u00e9es sorties et d\u00e9couvertes<\/a><\/li><li><a href=\"https:\/\/lyggdrasil.com\/index.php\/2022\/09\/17\/le-frene\/\" title=\"Permalink to Le fr\u00e8ne\" rel=\"bookmark\">Le fr\u00e8ne<\/a><\/li><li><a href=\"https:\/\/lyggdrasil.com\/index.php\/2022\/09\/21\/nouvelle-pancarte-dacceuil\/\" title=\"Permalink to nouvelle pancarte d&rsquo;acceuil\" rel=\"bookmark\">nouvelle pancarte d&rsquo;acceuil<\/a><\/li><li><a href=\"https:\/\/lyggdrasil.com\/index.php\/2022\/10\/31\/sejours-proposes-dans-le-gite\/\" title=\"Permalink to S\u00e9jours propos\u00e9s dans le g\u00eete\" rel=\"bookmark\">S\u00e9jours propos\u00e9s dans le g\u00eete<\/a><\/li><li><a href=\"https:\/\/lyggdrasil.com\/index.php\/2022\/12\/11\/noel-2022\/\" title=\"Permalink to Noel 2022\" rel=\"bookmark\">Noel 2022<\/a><\/li><li><a href=\"https:\/\/lyggdrasil.com\/index.php\/2023\/01\/27\/classement\/\" title=\"Permalink to Classement\" rel=\"bookmark\">Classement<\/a><\/li><li><a href=\"https:\/\/lyggdrasil.com\/index.php\/2023\/04\/04\/super-hote\/\" title=\"Permalink to Super h\u00f4te\" rel=\"bookmark\">Super h\u00f4te<\/a><\/li><li><a href=\"https:\/\/lyggdrasil.com\/index.php\/2023\/07\/06\/1-an-deja\/\" title=\"Permalink to 1 an d\u00e9j\u00e0\" rel=\"bookmark\">1 an d\u00e9j\u00e0<\/a><\/li><li><a href=\"https:\/\/lyggdrasil.com\/index.php\/2023\/08\/20\/nouveaute-pour-samuser\/\" title=\"Permalink to Nouveaut\u00e9 pour s&rsquo;amuser\" rel=\"bookmark\">Nouveaut\u00e9 pour s&rsquo;amuser<\/a><\/li><li><a href=\"https:\/\/lyggdrasil.com\/index.php\/2023\/11\/26\/geocaching\/\" title=\"Permalink to geocaching\" rel=\"bookmark\">geocaching<\/a><\/li><li><a href=\"https:\/\/lyggdrasil.com\/index.php\/2024\/04\/26\/creation-dun-nouvel-espace\/\" title=\"Permalink to Cr\u00e9ation d&rsquo;un nouvel espace\" rel=\"bookmark\">Cr\u00e9ation d&rsquo;un nouvel espace<\/a><\/li><li><a href=\"https:\/\/lyggdrasil.com\/index.php\/2025\/01\/28\/coup-de-coeur-voyageurs-airbnb\/\" title=\"Permalink to Coup de c\u0153ur voyageurs Airbnb\" rel=\"bookmark\">Coup de c\u0153ur voyageurs Airbnb<\/a><\/li><li><a href=\"https:\/\/lyggdrasil.com\/index.php\/2025\/12\/19\/taxe-de-sejour\/\" title=\"Permalink to Taxe de s\u00e9jour\" rel=\"bookmark\">Taxe de s\u00e9jour<\/a><\/li><\/ul><\/div><div id=\"wp-realtime-sitemap-archives\"><h3>Archives<\/h3><ul>\t<li><a href='https:\/\/lyggdrasil.com\/index.php\/2025\/12\/'>d\u00e9cembre 2025<\/a>&nbsp;(1)<\/li>\n\t<li><a href='https:\/\/lyggdrasil.com\/index.php\/2025\/01\/'>janvier 2025<\/a>&nbsp;(1)<\/li>\n\t<li><a href='https:\/\/lyggdrasil.com\/index.php\/2024\/04\/'>avril 2024<\/a>&nbsp;(1)<\/li>\n\t<li><a href='https:\/\/lyggdrasil.com\/index.php\/2023\/11\/'>novembre 2023<\/a>&nbsp;(1)<\/li>\n\t<li><a href='https:\/\/lyggdrasil.com\/index.php\/2023\/08\/'>ao\u00fbt 2023<\/a>&nbsp;(1)<\/li>\n\t<li><a href='https:\/\/lyggdrasil.com\/index.php\/2023\/07\/'>juillet 2023<\/a>&nbsp;(1)<\/li>\n\t<li><a href='https:\/\/lyggdrasil.com\/index.php\/2023\/04\/'>avril 2023<\/a>&nbsp;(1)<\/li>\n\t<li><a href='https:\/\/lyggdrasil.com\/index.php\/2023\/01\/'>janvier 2023<\/a>&nbsp;(1)<\/li>\n\t<li><a href='https:\/\/lyggdrasil.com\/index.php\/2022\/12\/'>d\u00e9cembre 2022<\/a>&nbsp;(1)<\/li>\n\t<li><a href='https:\/\/lyggdrasil.com\/index.php\/2022\/10\/'>octobre 2022<\/a>&nbsp;(1)<\/li>\n\t<li><a href='https:\/\/lyggdrasil.com\/index.php\/2022\/09\/'>septembre 2022<\/a>&nbsp;(2)<\/li>\n\t<li><a href='https:\/\/lyggdrasil.com\/index.php\/2022\/07\/'>juillet 2022<\/a>&nbsp;(1)<\/li>\n\t<li><a href='https:\/\/lyggdrasil.com\/index.php\/2022\/06\/'>juin 2022<\/a>&nbsp;(1)<\/li>\n\t<li><a href='https:\/\/lyggdrasil.com\/index.php\/2022\/05\/'>mai 2022<\/a>&nbsp;(2)<\/li>\n<\/ul><\/div><div id=\"wp-realtime-sitemap-categories\"><h3>Categories<\/h3><ul>\t<li class=\"cat-item cat-item-1\"><a href=\"https:\/\/lyggdrasil.com\/index.php\/category\/articles\/\">articles<\/a>\n<\/li>\n<\/ul><\/div><\/strong><\/p>\n","protected":false},"excerpt":{"rendered":"","protected":false},"author":1,"featured_media":0,"parent":0,"menu_order":0,"comment_status":"closed","ping_status":"closed","template":"","meta":{"_seopress_robots_primary_cat":"","_seopress_titles_title":"%%page%% %%sep%% %%sitename%%","_seopress_titles_desc":"gi\u00eete %%sep%% france %%sep%% normandie %%sep%% eure %%sep%% marbeuf %%sep%% le neubourg %%sep%% evreux %%sep%% rouen %%sep%% campagne %%sep%% calme %%sep%% location semaine week-end mild-week vacances","_seopress_robots_index":"","two_page_speed":[],"footnotes":""},"class_list":["post-135","page","type-page","status-publish","hentry"],"yoast_head":"<!-- This site is optimized with the Yoast SEO plugin v27.4 - https:\/\/yoast.com\/product\/yoast-seo-wordpress\/ -->\n<title>- G\u00eete l&#039;Ygddrasil \u00e0 Marbeuf dans l&#039;Eure (27) - location de vacances jusqu&#039;\u00e0 11 personnes<\/title>\n<meta name=\"description\" content=\"gi\u00eete - france - normandie - eure - marbeuf - le neubourg - evreux - rouen - campagne - calme - location semaine week-end mild-week vacances\" \/>\n<meta name=\"robots\" content=\"index, follow, max-snippet:-1, max-image-preview:large, max-video-preview:-1\" \/>\n<link rel=\"canonical\" href=\"https:\/\/lyggdrasil.com\/index.php\/plan-du-site\/\" \/>\n<meta property=\"og:locale\" content=\"fr_FR\" \/>\n<meta property=\"og:type\" content=\"article\" \/>\n<meta property=\"og:title\" content=\"- G\u00eete l&#039;Ygddrasil \u00e0 Marbeuf dans l&#039;Eure (27) - location de vacances jusqu&#039;\u00e0 11 personnes\" \/>\n<meta property=\"og:description\" content=\"gi\u00eete - france - normandie - eure - marbeuf - le neubourg - evreux - rouen - campagne - calme - location semaine week-end mild-week vacances\" \/>\n<meta property=\"og:url\" content=\"https:\/\/lyggdrasil.com\/index.php\/plan-du-site\/\" \/>\n<meta property=\"og:site_name\" content=\"G\u00eete l&#039;Ygddrasil \u00e0 Marbeuf dans l&#039;Eure (27) - location de vacances jusqu&#039;\u00e0 11 personnes\" \/>\n<meta property=\"article:publisher\" content=\"https:\/\/www.facebook.com\/gte-lyggdrasil-103706265639704\/\" \/>\n<meta property=\"article:modified_time\" content=\"2022-05-10T20:14:03+00:00\" \/>\n<meta name=\"twitter:card\" content=\"summary_large_image\" \/>\n<meta name=\"twitter:label1\" content=\"Dur\u00e9e de lecture estim\u00e9e\" \/>\n\t<meta name=\"twitter:data1\" content=\"1 minute\" \/>\n<script type=\"application\/ld+json\" class=\"yoast-schema-graph\">{\"@context\":\"https:\\\/\\\/schema.org\",\"@graph\":[{\"@type\":\"WebPage\",\"@id\":\"https:\\\/\\\/lyggdrasil.com\\\/index.php\\\/plan-du-site\\\/\",\"url\":\"https:\\\/\\\/lyggdrasil.com\\\/index.php\\\/plan-du-site\\\/\",\"name\":\"- G\u00eete l&#039;Ygddrasil \u00e0 Marbeuf dans l&#039;Eure (27) - location de vacances jusqu&#039;\u00e0 11 personnes\",\"isPartOf\":{\"@id\":\"https:\\\/\\\/lyggdrasil.com\\\/#website\"},\"datePublished\":\"2022-04-20T15:37:33+00:00\",\"dateModified\":\"2022-05-10T20:14:03+00:00\",\"description\":\"gi\u00eete - france - normandie - eure - marbeuf - le neubourg - evreux - rouen - campagne - calme - location semaine week-end mild-week vacances\",\"breadcrumb\":{\"@id\":\"https:\\\/\\\/lyggdrasil.com\\\/index.php\\\/plan-du-site\\\/#breadcrumb\"},\"inLanguage\":\"fr-FR\",\"potentialAction\":[{\"@type\":\"ReadAction\",\"target\":[\"https:\\\/\\\/lyggdrasil.com\\\/index.php\\\/plan-du-site\\\/\"]}]},{\"@type\":\"BreadcrumbList\",\"@id\":\"https:\\\/\\\/lyggdrasil.com\\\/index.php\\\/plan-du-site\\\/#breadcrumb\",\"itemListElement\":[{\"@type\":\"ListItem\",\"position\":1,\"name\":\"Accueil\",\"item\":\"https:\\\/\\\/lyggdrasil.com\\\/\"},{\"@type\":\"ListItem\",\"position\":2,\"name\":\"Plan du site\"}]},{\"@type\":\"WebSite\",\"@id\":\"https:\\\/\\\/lyggdrasil.com\\\/#website\",\"url\":\"https:\\\/\\\/lyggdrasil.com\\\/\",\"name\":\"G\u00eete l&#039;Ygddrasil \u00e0 Marbeuf dans l&#039;Eure (27) - location de vacances jusqu&#039;\u00e0 11 personnes\",\"description\":\"Venez vous resourcer en plein c\u0153ur de la Normandie, \u00e0 Marbeuf dans l&#039;Eure (27) dans un g\u00eete pouvant accueillir jusqu&#039;\u00e0 11 personnes - proche LE NEUBOURG, ROUEN et EVREUX\",\"publisher\":{\"@id\":\"https:\\\/\\\/lyggdrasil.com\\\/#organization\"},\"potentialAction\":[{\"@type\":\"SearchAction\",\"target\":{\"@type\":\"EntryPoint\",\"urlTemplate\":\"https:\\\/\\\/lyggdrasil.com\\\/?s={search_term_string}\"},\"query-input\":{\"@type\":\"PropertyValueSpecification\",\"valueRequired\":true,\"valueName\":\"search_term_string\"}}],\"inLanguage\":\"fr-FR\"},{\"@type\":\"Organization\",\"@id\":\"https:\\\/\\\/lyggdrasil.com\\\/#organization\",\"name\":\"G\u00eete l'Yggdrasil\",\"url\":\"https:\\\/\\\/lyggdrasil.com\\\/\",\"logo\":{\"@type\":\"ImageObject\",\"inLanguage\":\"fr-FR\",\"@id\":\"https:\\\/\\\/lyggdrasil.com\\\/#\\\/schema\\\/logo\\\/image\\\/\",\"url\":\"https:\\\/\\\/lyggdrasil.com\\\/wp-content\\\/uploads\\\/2022\\\/04\\\/cropped-arbre-de-vie.png\",\"contentUrl\":\"https:\\\/\\\/lyggdrasil.com\\\/wp-content\\\/uploads\\\/2022\\\/04\\\/cropped-arbre-de-vie.png\",\"width\":2357,\"height\":2357,\"caption\":\"G\u00eete l'Yggdrasil\"},\"image\":{\"@id\":\"https:\\\/\\\/lyggdrasil.com\\\/#\\\/schema\\\/logo\\\/image\\\/\"},\"sameAs\":[\"https:\\\/\\\/www.facebook.com\\\/gte-lyggdrasil-103706265639704\\\/\",\"https:\\\/\\\/www.instagram.com\\\/gite_l_yggdrasil\\\/\"]}]}<\/script>\n<!-- \/ Yoast SEO plugin. -->","yoast_head_json":{"title":"- G\u00eete l&#039;Ygddrasil \u00e0 Marbeuf dans l&#039;Eure (27) - location de vacances jusqu&#039;\u00e0 11 personnes","description":"gi\u00eete - france - normandie - eure - marbeuf - le neubourg - evreux - rouen - campagne - calme - location semaine week-end mild-week vacances","robots":{"index":"index","follow":"follow","max-snippet":"max-snippet:-1","max-image-preview":"max-image-preview:large","max-video-preview":"max-video-preview:-1"},"canonical":"https:\/\/lyggdrasil.com\/index.php\/plan-du-site\/","og_locale":"fr_FR","og_type":"article","og_title":"- G\u00eete l&#039;Ygddrasil \u00e0 Marbeuf dans l&#039;Eure (27) - location de vacances jusqu&#039;\u00e0 11 personnes","og_description":"gi\u00eete - france - normandie - eure - marbeuf - le neubourg - evreux - rouen - campagne - calme - location semaine week-end mild-week vacances","og_url":"https:\/\/lyggdrasil.com\/index.php\/plan-du-site\/","og_site_name":"G\u00eete l&#039;Ygddrasil \u00e0 Marbeuf dans l&#039;Eure (27) - location de vacances jusqu&#039;\u00e0 11 personnes","article_publisher":"https:\/\/www.facebook.com\/gte-lyggdrasil-103706265639704\/","article_modified_time":"2022-05-10T20:14:03+00:00","twitter_card":"summary_large_image","twitter_misc":{"Dur\u00e9e de lecture estim\u00e9e":"1 minute"},"schema":{"@context":"https:\/\/schema.org","@graph":[{"@type":"WebPage","@id":"https:\/\/lyggdrasil.com\/index.php\/plan-du-site\/","url":"https:\/\/lyggdrasil.com\/index.php\/plan-du-site\/","name":"- G\u00eete l&#039;Ygddrasil \u00e0 Marbeuf dans l&#039;Eure (27) - location de vacances jusqu&#039;\u00e0 11 personnes","isPartOf":{"@id":"https:\/\/lyggdrasil.com\/#website"},"datePublished":"2022-04-20T15:37:33+00:00","dateModified":"2022-05-10T20:14:03+00:00","description":"gi\u00eete - france - normandie - eure - marbeuf - le neubourg - evreux - rouen - campagne - calme - location semaine week-end mild-week vacances","breadcrumb":{"@id":"https:\/\/lyggdrasil.com\/index.php\/plan-du-site\/#breadcrumb"},"inLanguage":"fr-FR","potentialAction":[{"@type":"ReadAction","target":["https:\/\/lyggdrasil.com\/index.php\/plan-du-site\/"]}]},{"@type":"BreadcrumbList","@id":"https:\/\/lyggdrasil.com\/index.php\/plan-du-site\/#breadcrumb","itemListElement":[{"@type":"ListItem","position":1,"name":"Accueil","item":"https:\/\/lyggdrasil.com\/"},{"@type":"ListItem","position":2,"name":"Plan du site"}]},{"@type":"WebSite","@id":"https:\/\/lyggdrasil.com\/#website","url":"https:\/\/lyggdrasil.com\/","name":"G\u00eete l&#039;Ygddrasil \u00e0 Marbeuf dans l&#039;Eure (27) - location de vacances jusqu&#039;\u00e0 11 personnes","description":"Venez vous resourcer en plein c\u0153ur de la Normandie, \u00e0 Marbeuf dans l&#039;Eure (27) dans un g\u00eete pouvant accueillir jusqu&#039;\u00e0 11 personnes - proche LE NEUBOURG, ROUEN et EVREUX","publisher":{"@id":"https:\/\/lyggdrasil.com\/#organization"},"potentialAction":[{"@type":"SearchAction","target":{"@type":"EntryPoint","urlTemplate":"https:\/\/lyggdrasil.com\/?s={search_term_string}"},"query-input":{"@type":"PropertyValueSpecification","valueRequired":true,"valueName":"search_term_string"}}],"inLanguage":"fr-FR"},{"@type":"Organization","@id":"https:\/\/lyggdrasil.com\/#organization","name":"G\u00eete l'Yggdrasil","url":"https:\/\/lyggdrasil.com\/","logo":{"@type":"ImageObject","inLanguage":"fr-FR","@id":"https:\/\/lyggdrasil.com\/#\/schema\/logo\/image\/","url":"https:\/\/lyggdrasil.com\/wp-content\/uploads\/2022\/04\/cropped-arbre-de-vie.png","contentUrl":"https:\/\/lyggdrasil.com\/wp-content\/uploads\/2022\/04\/cropped-arbre-de-vie.png","width":2357,"height":2357,"caption":"G\u00eete l'Yggdrasil"},"image":{"@id":"https:\/\/lyggdrasil.com\/#\/schema\/logo\/image\/"},"sameAs":["https:\/\/www.facebook.com\/gte-lyggdrasil-103706265639704\/","https:\/\/www.instagram.com\/gite_l_yggdrasil\/"]}]}},"_links":{"self":[{"href":"https:\/\/lyggdrasil.com\/index.php\/wp-json\/wp\/v2\/pages\/135","targetHints":{"allow":["GET"]}}],"collection":[{"href":"https:\/\/lyggdrasil.com\/index.php\/wp-json\/wp\/v2\/pages"}],"about":[{"href":"https:\/\/lyggdrasil.com\/index.php\/wp-json\/wp\/v2\/types\/page"}],"author":[{"embeddable":true,"href":"https:\/\/lyggdrasil.com\/index.php\/wp-json\/wp\/v2\/users\/1"}],"replies":[{"embeddable":true,"href":"https:\/\/lyggdrasil.com\/index.php\/wp-json\/wp\/v2\/comments?post=135"}],"version-history":[{"count":1,"href":"https:\/\/lyggdrasil.com\/index.php\/wp-json\/wp\/v2\/pages\/135\/revisions"}],"predecessor-version":[{"id":137,"href":"https:\/\/lyggdrasil.com\/index.php\/wp-json\/wp\/v2\/pages\/135\/revisions\/137"}],"wp:attachment":[{"href":"https:\/\/lyggdrasil.com\/index.php\/wp-json\/wp\/v2\/media?parent=135"}],"curies":[{"name":"wp","href":"https:\/\/api.w.org\/{rel}","templated":true}]}}